 - 11).
33
What is (9 - 7) + 42 - (102 - 12)?
-46
What is 27 + 1 + 12 + (-14 - (-2 + 9 + -15))?
34
117 + -24 - 87 - -28
34
What is the value of (0 + (9 - -8) - -5) + -3?
19
What is the value of -2888 - -2846 - (-168 + -1)?
127
What is the value of -5 + -5 + 1 - (6 - (6 + 17))?
8
Calculate 5 - 2 - (36 + 25 + -52 + -50).
44
What is the value of -77 - (-7 + -22 + 18 + (-14 - -7) + 16)?
-75
What is 31 - (29 - -4 - -39) - (-9 + -1)?
-31
What is 109 + 27 + (65 - 136)?
65
Calculate -28 + (105 + -84 - (0 + -21)).
14
-3 - ((-5 - 5) + -11 - -42)
-24
Evaluate -30 + (-5 - -16) + 29 - (3 + (-72 - -1)).
78
19 + 0 - 59 - -34
-6
What is the value of 204 + (-84 - (-72 + 50))?
142
Evaluate -1 + (-1 + 7 - 4 - (-37 - -43)).
-5
Calculate 1 - (-20 + 13) - (-4 + 12 - -4).
-4
-9 + (-7 + -8 + 8 - -8) + (36 - 6)
22
Evaluate (14144 - 14164) + 1 + 72 + (-1 - 0).
52
-4 + 42 - (51 + -17 + (-11 - 11 - -4))
22
What is the value of 16 - 1 - (12 - (27 + 4 + -4 + -16))?
14
(12 - 6) + -35 + 35 + -88 + -3
-85
Calculate 34 + -1 - (-14 - (21 - 57 - -17)).
28
-12 - (-11 - -2 - (-26 - (59 + -28)))
-60
What is (12 - (4 + 14)) + -15 - -5?
-16
Evaluate 55 - 108 - (-33 - -13).
-33
-1 - 16 - 0 - (2 + -28 + (38 - 22))
-7
Evaluate 51 + (-22 - 26) + (-23 - 0).
-20
What is the value of (-1 - 22 - -15) + -65 + (-8 - -6 - 4)?
-79
Evaluate 3418 - 3458 - (0 - 43).
3
Evaluate (4 - 7) + (1 - 80) - ((-56 - 45) + 95).
-76
Evaluate -25 + (-34 - (-24 - 3)).
-32
50 + -5 + -47 + (-32 + -3 - -5)
-32
What is the value of -40 + (119 - 44) - (14 - -1)?
20
Calculate -20 + 48 + (-1 - (30 - -23)).
-26
Evaluate -1 + (7 - -29) + (242 - 234).
43
What is 75 - 50 - (8 + 3 - 18)?
32
What is (-3 - 6 - (2 - 3)) + 15 + -35?
-28
What is (25 - (-2 - -7 - 15)) + -9?
26
Calculate 0 + (0 - (1 - -40) - (-76 - -61)).
-26
What is 0 + 35 - (592 + -573)?
16
0 + -14 + (841 - 820)
7
What is -57 + -1 + (1 - (-6 + -8)) + -1?
-44
Calculate -665 + 701 + (42 - -5).
83
Evaluate -72 + 47 + -11 + 35 + (-2 - 72 - 2).
-77
What is the value of 88 - (-23 - (-93 - -11))?
29
Calculate 94 + -82 - (-7 + 33) - (131 - (5 + -4)).
-144
What is the value of 1 - (1 - 44) - (-29 + -25 + -47 + 98)?
47
What is (-70 - -56) + -1 + -3 + 3 + (17 - 123)?
-121
Evaluate 45 + (-1 + -9 - -8) + -1.
42
Calculate -51 + 38 + -53 + 50.
-16
What is the value of -143 + 207 + (-1 - 2 - -9)?
70
Calculate 4 - -86 - (37 + (5 - -33 - 93)).
108
What is the value of (77 - (97 - -56)) + 66?
-10
What is -29 + -51 + 21 + 113?
54
What is (1 - 1) + 1 + (-67 - -144 - 18 - 32)?
28
(-6 - -135 - (290 + -268)) + (-2 - 16)
89
What is 171 - ((11 - -25) + 43)?
92
(-17 + (64 + -75 - (0 + -8)) - -7) + 61
48
What is 76 - (-15 - (-9 - 7))?
75
What is 5 + -3 + -26 + 0 + (74 - 29) + -38?
-17
Calculate -9 + 7 + 43 + 10 + -11 + 12 + -19.
33
Evaluate (3 + -6 + -1 + 10 - 4) + 6.
8
Evaluate (28 + -24 - (0 - -1)) + 70 + (14 - 38).
49
What is 31 - (18 + 117 + -39)?
-65
Evaluate 33 + (-133 - -84) + 12 + -7.
-11
Calculate (-22 + (-81 - -15) - (-3 - -2)) + 19.
-68
Calculate (-147 - (-12 + -64)) + 63.
-8
Evaluate 94 + -145 - (-6 - -8 - (-12 - -1)).
-64
(27 - 72) + (-11 + 3 - -3) + 68 + -54
-36
What is the value of 28 + -134 + 25 - (38 + -54)?
-65
What is -1 - 1 - ((-107 - (-6 - 3)) + 9) - 2?
85
(142 - (-25 + 79 + -29)) + -27
90
Evaluate -22 - (-15 + 23 - 27) - 6.
-9
What is (19 - 16) + (-16 - (1 - -9))?
-23
What is 1 + 2 - -1 - ((-81 - -91) + 0 + -15)?
9
Calculate (10 - 1) + -2 - (-45 + (17 - -2) + 166).
-133
What is -11 + 16 + -19 + 0 + 9 + 41?
36
Evaluate (5 - (-1 + (8 - 12)) - -65) + 15 + -2.
88
What is 51 + 3 + -6 - 33?
15
What is the value of 36 + -53 + 13 - (-18 - 7)?
21
Evaluate 40 + (-37 - -23) - (94 - -5).
-73
Evaluate (44 - 68) + 77 - (0 + -7 - (-2 - 0)).
58
What is the value of (2 - 17) + -58 + (65 - -21)?
13
Calculate (6 - 5) + (-3 - (-5 - 1) - -11) + -4.
11
What is the value of ((-9 - 30 - -51) + -10 - (-1 + 15)) + -38?
-50
What is -24 - (-6 - -9) - -13 - (1 - -8)?
-23
What is the value of -13 - -1 - (55 - (66 + -4)) - 68?
-73
What is the value of (-4 - (-44 + 34)) + 3 + -1 + (1 - 48)?
-39
Calculate (3 - (1 - -4)) + 17 + (-72 - -85).
28
Calculate 18 - (-17 - (25 - 41)) - 4.
15
Evaluate -43 - 1 - (-588 + 517).
27
2 + 30 + 26 + -28
30
What is (-2 - -29) + -95 + 81 + (-112 - -2)?
-97
9 - (-10 - -19) - (9 + -30)
21
Calculate -27 - 16 - 8 - (-22 + 15).
-44
Calculate 154 - (152 - 100) - 3.
99
What is the value of (8 - 53 - 8 - 7) + -68 + 66?
-62
Calculate -124 + 31 - (19 + (-15 - 15) + 15).
-97
Evaluate -41 + (4 - (-2 - -5) - (-55 - -50)).
-35
What is the value of -2 + 9 + (-8 - (0 - 0) - -2) + 4?
5
What is the value of 19 - -15 - 4 - (-16 + 14 + -11)?
43
-54 - (28 + -71 - 55)
44
Calculate -3 - (12 + (-2 - -2) - (-220 - -223)).
-12
Calculate 9 + (-3 - (74 + -16 + -18)).
-34
13 - 1 - (11 - (24 + -30))
-5
Calculate (1 - -6) + (1 + 34 - 61).
-19
Evaluate (3 - 5 - 10 - 41 - -5) + (11 - 20).
-57
Evaluate -37 + (6 - (54 + -45)).
-40
What is the value of -287 + 253 + (30 - -2)?
-2
What is the value of ((-3 - -10) + (3 - -8) - 0) + -12?
6
Calculate -44 + 0 - (-159 - 27 - -107).
35
-5 - (20 + -15 + 5 - (1 - 27))
-41
Evaluate 4 + 1 + 0 + (-52 - -63 - (3 + 5)).
8
36 + -12 + -22 + (-4 - (-1 + -1))
0
What is -23 + -15 + 18 - -37 - (1 + 23)?
-7
-9 + ((-20 - 0) + 5 - -119 - 4)
91
Evaluate (1 - (6 - 2 - 2)) + (-24 + -9 - 41).
-75
What is -16 + -17 + 18 + 4 + -1?
-12
What is the value of 98 - (19 - (3 + -4 - -23))?
101
What is (-1 - 6) + -3139 + 3102?
-44
Evaluate (245 - 226) + (7 - 97 - 2).
-73
What is the value of (1 - 30) + (-61 - -39) + 22?
-29
(-3 - -12 - (-5 - -79)) + -44 + 25
-84
What is (13 - -2 - 1) + (-4698 - -4641)?
-43
What is the value of -10 + 5 + (-9 - (18 - 11)) - 10?
-31
What is the value of -63 + (5 - 2 - (1 + -1) - (-450 - -448))?
-58
Calculate -61 + 22 + 22 - 40.
-57
Evaluate -41 - (86 - 80) - -24.
-23
What is the value of -2 + (-5 - 0) - (-1 + (7 - 9) + -46)?
42
Calculate -53 + 45 - (8 - 10 - -17).
-23
-63 + (-29 - (-40 + -3))
-49
What is -101 + 5 + 44 + -46 + -6 + 2 + -11?
-113
Evaluate 1 - (-1 - -27 - 26) - (1 - 36).
36
Calculate 1 + -88 + 72 + -9.
-24
Calculate 5 - (19 - (6 - 12) - 6 - 40).
26
Evaluate 1 + (25 - 20 - -12) + -106.
-88
Calculate 6 + (10 - 19) + (-5 + 41 - -7).
40
Evaluate 95 - 87 - (2 - 2).
8
Evaluate -5 + (-8 + 34 + 0 - -6 - 13).
14
Evaluate -111 + (96 + -69 - -66).
-18
What is 869 - 887 - (-6 + 6 + -6 + 5)?
-17
What is the value of (-29 - 4) + (6 - 1 - (301 + -294))?
-35
(-23 - (-6 + -7)) + -19
-29
Evaluate -60 + (-52 - 66 - -161).
-17
-9 + 4 + -60 + 31
-34
Evaluate -35 + 126 - (43 + 19).
29
-107 + ((3 - -11) + (37 - 17) - 20)
-93
What is the value of (0 - 46 - (89 - 147)) + -82?
-70
Calculate 5 + (23 - -28 - 8).
48
What is 64 - (12 - (-3 - -1 - -3 - (67 - 73)))?
59
117 + (-32 - (18 - (-39 + 71)))
99
What is the value of -2 + 81 + -9 - (17 + -15 + -23)?
91
Calculate 10 + 8 - (-3 - ((13 - 84) + 16)).
-34
What is the value of -188 + 9 + (-25 - -88)?
-116
What is (32 - 44 - (2 + 11)) + -16?
-41
What is -10 - (-17 + -18) - (16 + -6)?
15
(-118 + 102 - (-1 + -33)) + 19
37
What is -40 - ((-104 - 37) + 28)?
73
Calculate -124 + (-89 - -211) - (0 + -38).
36
What is 3177 + -3265 - (-4 + 3 - -13)?
-100
What is -8 - 11 - -5 - (-30 + 0 + 14 + 4)?
-2
(-61 - (-124 + 61)) + -25
-23
Evaluate 4 + 16 + -18 + -5 + 24.
21
Evaluate (106 - 135) + (11 - 71).
-89
What is the value of (-10 - 0) + (-58 + 32 + 11 + -24 - 7)?
-56
Evaluate 28 - ((117 - 29) + -15).
-45
What is 96 + -108 + 1 + 78 + 5?
72
What is the value of -10 - (1 - 5) - -8 - (33 + -26)?
-5
What is (-7 - 0) + (-12 - 24) + 67 + -4 + 10?
30
Calculate 3 + -16 - (6 + (-13 - -44)).
-50
8 - (52 + -28 - (-2 - 4 - 9))
-31
What is the value of 11 + -39 + (73 - 75)?
-30
Calculate 0 + 13 - (33 + -16 + -15 + 3).
8
What is the value of 12 - (8 + 2 + -20 + (-2 - -2))?
22
Calculate (13 - 23) + 7 + -17 + -7 + -4 + 5.
-26
Evaluate -1 + (-20 - -1) - (12 - (-17 + 40 - 14)).
-23
-1 - 52 - (-38 + (102 - 65))
-52
What is -64 - ((54 - 65) + -59)?
6
What is 12 - ((14 - (1 - (5 - -108))) + -20 + 19)?
-113
What is 20 + (26 - (6 - (-3 + (10 - 14)))) - -9?
42
What is the value of (-10 - -21) + 37 + 5 + -4 + 5?
54
Calculate 50 - (40 - 45) - 98.
-43
What is the value of (134 - (72 - -20)) + -1 + -14?
27
What is -32 - 22 - (90 - 133)?
-11
-17 - ((0 - 7 - (-86 - -79)